1?
8
What is the hundreds digit of 5227?
2
What is the hundreds digit of 699?
6
What is the tens digit of 77?
7
What is the tens digit of 16753?
5
What is the hundreds digit of 2579?
5
What is the hundreds digit of 20288?
2
What is the hundreds digit of 57419?
4
What is the tens digit of 5005?
0
What is the thousands digit of 1563?
1
What is the units digit of 14442?
2
What is the hundreds digit of 43671?
6
What is the tens digit of 1882?
8
What is the thousands digit of 6878?
6
What is the thousands digit of 4835?
4
What is the thousands digit of 1557?
1
What is the units digit of 41958?
8
What is the tens digit of 3491?
9
What is the units digit of 4503?
3
What is the hundreds digit of 62914?
9
What is the tens digit of 33724?
2
What is the tens digit of 45104?
0
What is the tens digit of 632?
3
What is the thousands digit of 24719?
4
What is the tens digit of 4766?
6
What is the hundreds digit of 10618?
6
What is the thousands digit of 1066?
1
What is the ten thousands digit of 12966?
1
What is the tens digit of 32102?
0
What is the units digit of 121909?
9
What is the units digit of 3038?
8
What is the tens digit of 22968?
6
What is the tens digit of 41410?
1
What is the tens digit of 7052?
5
What is the units digit of 33040?
0
What is the tens digit of 2053?
5
What is the units digit of 19205?
5
What is the hundreds digit of 3481?
4
What is the tens digit of 4752?
5
What is the thousands digit of 9274?
9
What is the tens digit of 29492?
9
What is the hundreds digit of 15788?
7
What is the thousands digit of 141166?
1
What is the hundreds digit of 14380?
3
What is the units digit of 382?
2
What is the thousands digit of 33702?
3
What is the tens digit of 2124?
2
What is the hundreds digit of 826?
8
What is the tens digit of 1029?
2
What is the units digit of 3534?
4
What is the units digit of 17553?
3
What is the thousands digit of 20198?
0
What is the hundreds digit of 62072?
0
What is the units digit of 857?
7
What is the thousands digit of 5192?
5
What is the tens digit of 4551?
5
What is the hundreds digit of 2078?
0
What is the hundreds digit of 24302?
3
What is the hundreds digit of 26533?
5
What is the thousands digit of 5191?
5
What is the units digit of 156866?
6
What is the thousands digit of 14164?
4
What is the units digit of 1955?
5
What is the units digit of 1956?
6
What is the tens digit of 29553?
5
What is the units digit of 4775?
5
What is the units digit of 16181?
1
What is the thousands digit of 1348?
1
What is the units digit of 102721?
1
What is the hundreds digit of 7270?
2
What is the tens digit of 7234?
3
What is the units digit of 509?
9
What is the hundreds digit of 8200?
2
What is the tens digit of 43514?
1
What is the hundreds digit of 11801?
8
What is the hundreds digit of 639?
6
What is the units digit of 1300?
0
What is the ten thousands digit of 44419?
4
What is the thousands digit of 3041?
3
What is the tens digit of 2449?
4
What is the units digit of 1901?
1
What is the tens digit of 21168?
6
What is the hundreds digit of 5009?
0
What is the units digit of 4?
4
What is the units digit of 2118?
8
What is the hundreds digit of 1504?
5
What is the ten thousands digit of 29681?
2
What is the hundreds digit of 2941?
9
What is the hundreds digit of 10312?
3
What is the hundreds digit of 5985?
9
What is the thousands digit of 8130?
8
What is the tens digit of 21941?
4
What is the units digit of 1359?
9
What is the units digit of 2803?
3
What is the units digit of 9215?
5
What is the thousands digit of 45550?
5
What is the tens digit of 8599?
9
What is the hundreds digit of 3756?
7
What is the hundreds digit of 664?
6
What is the units digit of 7957?
7
What is the hundreds digit of 4762?
7
What is the tens digit of 23954?
5
What is the thousands digit of 1713?
1
What is the thousands digit of 1183?
1
What is the units digit of 1406?
6
What is the hundreds digit of 7819?
8
What is the hundreds digit of 711?
7
What is the thousands digit of 2712?
2
What is the units digit of 894?
4
What is the ten thousands digit of 163862?
6
What is the tens digit of 92502?
0
What is the thousands digit of 71359?
1
What is the tens digit of 21107?
0
What is the units digit of 7514?
4
What is the tens digit of 2162?
6
What is the tens digit of 15402?
0
What is the hundreds digit of 13633?
6
What is the units digit of 3972?
2
What is the hundreds digit of 650?
6
What is the units digit of 1197?
7
What is the tens digit of 479?
7
What is the thousands digit of 3262?
3
What is the thousands digit of 21525?
1
What is the thousands digit of 7043?
7
What is the hundreds digit of 1053?
0
What is the units digit of 13753?
3
What is the tens digit of 13612?
1
What is the thousands digit of 1323?
1
What is the thousands digit of 1304?
1
What is the hundreds digit of 5827?
8
What is the thousands digit of 5790?
5
What is the tens digit of 1969?
6
What is the tens digit of 3088?
8
What is the tens digit of 3857?
5
What is the thousands digit of 8107?
8
What is the hundreds digit of 206662?
6
What is the units digit of 88328?
8
What is the tens digit of 10317?
1
What is the thousands digit of 43383?
3
What is the thousands digit of 2555?
2
What is the hundreds digit of 931?
9
What is the units digit of 42?
2
What is the units digit of 68547?
7
What is the units digit of 79?
9
What is the tens digit of 3878?
7
What is the tens digit of 18166?
6
What is the tens digit of 1976?
7
What is the tens digit of 25?
2
What is the hundreds digit of 1478?
4
What is the hundreds digit of 694?
6
What is the units digit of 15092?
2
What is the units digit of 21269?
9
What is the thousands digit of 1758?
1
What is the units digit of 4124?
4
What is the ten thousands digit of 21298?
2
What is the units digit of 44898?
8
What is the hundreds digit of 598?
5
What is the units digit of 2469?
9
What is the hundreds digit of 25963?
9
What is the units digit of 50817?
7
What is the thousands digit of 3843?
3
What is the thousands digit of 1568?
1
What is the units digit of 15989?
9
What is the units digit of 5652?
2
What is the thousands digit of 2218?
2
What is the hundreds digit of 1172?
1
What is the hundreds digit of 9837?
8
What is the tens digit of 30525?
2
What is the thousands digit of 146575?
6
What is the hundreds digit of 15594?
5
What is the tens digit of 1525?
2
What is the units digit of 1122?
2
What is the units digit of 81?
1
What is the thousands digit of 19311?
9
What is the hundreds digit of 235?
2
What is the units digit of 6161?
1
What is the thousands digit of 1987?
1
What is the tens digit of 44442?
4
What is the thousands digit of 4115?
4
What is the units digit of 10815?
5
What is the hundreds digit of 2125?
1
What is the tens digit of 439?
3
What is the hundreds digit of 2237?
2
What is the units digit of 4235?
5
What is the units digit of 1160?
0
What is the units digit of 34799?
9
What is the tens digit of 32824?
2
What is the units digit of 6972?
2
What is the hundreds digit of 25995?
9
What is the thousands digit of 1064?
1
What is the hundreds digit of 61535?
5
What is the hundreds digit of 1287?
2
What is the tens digit of 725?
2
What is the hundreds digit of 80964?
9
What is the hundreds digit of 4921?
9
What is the hundreds digit of 473?
4
What is the tens digit of 30?
3
What is the units digit of 2940?
0
What is the units digit of 492?
2
What is the thousands digit of 5483?
5
What is the thousands digit of 5287?
5
What is the hundreds digit of 49962?
9
What is the tens digit of 5533?
3
What is the ten thousands digit of 10514?
1
What is the tens digit of 1168?
6
What is the units digit of 32915?
5
What is the hundreds digit of 57646?
6
What is the units digit of 803?
3
What is the hundreds digit of 290?
2
What is the units digit of 1397?
7
What is the thousands digit of 1442?
1
What is the thousands digit of 2477?
2
What is the ten thousands digit of 26055?
2
What is the hundred thousands digit of 101207?
1
What is the tens digit of 793?
9
What is the hundreds digit of 69298?
2
What is the units digit of 2364?
4
What is the units digit of 7079?
9
What is the hundreds digit of 725?
7
What is the thousands digit of 168387?
8
What is the units digit of 1028?
8
What is the hundreds digit of 21529?
5
What is the tens digit of 8851?
5